Suppose 2*l + 2*d = -6, 3*l = 2*l + 2*d - 6. Give s(l).
6
Let t(z) be the second derivative of 0 - 1/8*z**4 - 7/120*z**5 + 20*z + 0*z**2 - 5/2*z**3. Let p(f) be the second derivative of t(f). Determine p(-2).
11
Let n(o) = -18*o + 36. Let d = 6593 + -6591. Calculate n(d).
0
Let k(j) = 12*j**2 - j - 7. Suppose 3*u = -2*x - 19, 20*u - 22*u - 31 = 5*x. What is k(u)?
104
Let j(h) = h**3 + 10*h**2 + 5*h + 12. Let c = 1818 + -1827. Give j(c).
48
Let k(b) = b**3 - 4*b**2 + b - 73. Let y be k(6). Let j(u) = -2*u**2 + 4*u - 3. Give j(y).
-33
Let u(o) = -o - 7. Let k(z) = z**3 - 15*z**2 - 17*z + 27. Let r(s) = s**2 + 5*s + 10. Let w be r(-6). Let g be k(w). Suppose g = h + 11. Give u(h).
-7
Let v(n) be the first derivative of n**3/3 + 29*n**2/2 + 201*n + 12786. Calculate v(-18).
3
Suppose 2*f - 2 = -4*k + 2, -5*f + 34 = 2*k. Let v(p) = p + 10 + 1 - 5 - f. Let y = 0 + 0. Calculate v(y).
-2
Let h be 18830/147 + (-3)/(63/2). Let d(s) = s + 61 - h + 59. Give d(7).
-1
Let v be 8/36*-3 - (-34)/6. Suppose -2*y = -v*s + 22, -2*y - 12 = -2*s - 2. Let n(g) = -3*g**2 + 1. Give n(y).
-2
Let y(v) = 2*v + 9. Let c(f) = -f**2 - 22*f - 42. Let b be c(-19). Determine y(b).
39
Let u(n) be the second derivative of 1/4*n**4 - 1/3*n**3 - 3/2*n**2 - 3 + 1/20*n**5 - 18*n. Determine u(-4).
-11
Let l(a) = -5*a - a**3 + 0*a - 1 + 4*a - a**2. Let o(c) = -3*c**3 - 6*c**2 + 3*c + 1. Let t(i) = -2*l(i) + o(i). Let w be (11 - 8)*5/(-3). What is t(w)?
3
Let n(f) = -195*f + 557. Let s be n(3). Let t(i) = -4*i - 114. What is t(s)?
-2
Let i(a) = -14*a + 145. Let m(o) = -74*o + 721. Let t(g) = 19*i(g) - 4*m(g). Calculate t(4).
-9
Let x be ((-47)/47)/(1/(-1)). Suppose 3*c + 0 = -r - 2, 11 = 2*r + 3*c. Let l(q) = 5*q - r*q + q. Calculate l(x).
-7
Let n = 1424 + -1406. Let p(t) = t - 24. Determine p(n).
-6
Let r = -682 - -994. Suppose -11*s = 28*s + r. Let v(k) = -4*k - 11. Determine v(s).
21
Let d(z) = -8*z**3 + 4*z**2 + 13 + 5*z**3 - 55 - 13*z + 4*z**3. Let b be d(-5). Let s(o) = o**3 + o**2 + 2. What is s(b)?
-2
Let y = 80 - 78. Suppose -5 = -4*f - d, -5*f + 2 = -y*d - 14. Let q(b) = 0*b**2 - 2*b**f - 5 - 7*b + b**2. What is q(-8)?
-13
Suppose 0 = 2*k + 5*j - 11, 4*k + 19 = 3*j - 24. Let c be 14/6 + 4/6. Let l(o) = 3*o**3 - 1 + 10 + 1 + 8*o**2 + 8*o - 2*o**c. Calculate l(k).
3
Let i(k) be the second derivative of 0 + 2*k**2 - 2/3*k**3 - 1/12*k**4 + 40*k. Determine i(-5).
-1
Let o(d) be the third derivative of -d**5/30 + 2*d**4/3 - 7*d**3/2 + 5*d**2 + 21*d - 1. What is o(6)?
3
Let c be (-8)/(-3)*9/(-6). Suppose 4*d + o = 9 + 5, 0 = -d - o + 5. Let b(q) = -2*q**d + 5*q**2 + 0 + 4*q + q**3 + 1 + 2*q**3. Calculate b(c).
1
Let v = 6408 - 6433. Let m(f) = f**2 + 29*f + 109. Give m(v).
9
Suppose -4*d - 437 = -405. Let f(s) = 9*s + 11. Calculate f(d).
-61
Suppose -5*h + 90 - 35 = 0. Let g(p) = 43946*p - 15 - 43945*p + 2. What is g(h)?
-2
Let n(m) be the third derivative of m**4/12 - m**3 + m**2 + 418. Let y(u) = 2*u**2 + 4*u - 4. Let g be y(-4). Suppose 2*j + 0*j = g. What is n(j)?
6
Let q = -82 - -59. Let d = q + 21. Let l(s) be the second derivative of -s**4/12 + 11*s. Calculate l(d).
-4
Let o = 2 + -2. Let n(w) be the third derivative of -w**6/120 + w**5/60 - 7*w**3/6 + 2*w**2 - 70*w. Calculate n(o).
-7
Let m(h) be the second derivative of -h**3/3 + 5*h**2 + 20*h. Let o(b) = -b**3 - 33*b**2 - 65*b - 88. Let z be o(-31). Give m(z).
0
Let t(n) = -35 + 13*n - 273 + 311. Determine t(1).
16
Let l = -56 - -59. Let n = 5 - l. Let i(c) = c**n - 6 - 2 + 0*c**2 - 26*c + 24*c. Give i(6).
16
Suppose o + 5*k = -139, 0 = 3*o - 3*k + 273 + 72. Let q be (28/8)/(o/(-204)). Let g(f) = -f + 4 - 3 + 0. Determine g(q).
-5
Suppose 39*k + 57 = -177. Let u(r) = -2*r**2 - 2*r + 21. What is u(k)?
-39
Let s(k) = -3*k - 22. Let d(a) be the third derivative of a**4/24 + 7*a**3/6 + 5*a**2 + 8*a. Let u(x) = 8*d(x) + 3*s(x). Determine u(0).
-10
Let j(w) = w**3 + 7*w**2 - 10*w - 9. Let x(l) = 8*l - 68. Let o be x(9). Suppose -4*a + 8 = -p, 5*p = -0*p - o*a - 40. Determine j(p).
7
Let k(g) = g**3 - 4*g**2 - 5*g + 1. Let a = -8 + 11. Suppose -2*w = -7*w + 100. Suppose w = v + a*v. Calculate k(v).
1
Let w(g) be the first derivative of -g**4/24 + g**3/3 - 46*g**2 + 72. Let f(r) be the second derivative of w(r). Give f(3).
-1
Let z(m) = 4*m + 1. Suppose -45*a - 27 = -18*a. Give z(a).
-3
Let a(z) = -z. Let w(r) = -4. Let c(g) = -3*g + 12*g - 3 - 8*g. Let n(f) = -3*c(f) + 2*w(f). Let p(t) = -6*a(t) - n(t). Calculate p(1).
8
Let q(s) = -2*s**2 + 3*s + 3. Let k be q(3). Suppose -25*p + 16 = -9*p. Let c(t) = -3*t. Let w(j) = -57*j - 6. Let u(y) = p*w(y) - 18*c(y). Calculate u(k).
12
Let y be ((-2)/3)/(3/(-18)). Suppose -178 = -2*w - h, h + 0*h + 95 = w. Let m(i) = -2*i**3 + 3*i**2 - 2*i**3 + 92 + 4*i - w + 3*i**3. Determine m(y).
1
Let t(y) = y**2 - 24*y - 1. Suppose -91*n + 675 = -963. What is t(n)?
-109
Let f(a) = a**3 + 5*a**2 + 5*a + 2. Let o be f(-4). Let m = o + 3. Let v(n) = 58*n - 29*n - 97 + 201 - 28*n - 105. Calculate v(m).
0
Let y = 1966 + -1928. Let l(i) = -i + 32. Determine l(y).
-6
Let d(g) = -5*g**2 - 11*g - 7. Let x(m) = 12*m**2 + 21*m + 12. Let y(b) = -5*d(b) - 2*x(b). What is y(-13)?
11
Let h(r) be the second derivative of 94*r - 3/2*r**2 - 2 + 2/3*r**3. Calculate h(2).
5
Let j(s) = 8*s**3 + s + 1. Let b be 80/24*9/2. Suppose 0 = -t - 3*a - 26 + 10, -b = -5*t + 4*a. Give j(t).
-8
Let a(n) = 7*n**3 - 7*n**2 - 5*n + 11. Let q(v) = -9*v**3 + 9*v**2 + 6*v - 12. Let g(t) = -5*a(t) - 4*q(t). Determine g(3).
14
Let v(x) be the first derivative of -3*x**2/2 + 2*x - 59. Let m(g) = 26*g - 11. Let t(h) = -m(h) - 6*v(h). What is t(-1)?
7
Let t(b) be the second derivative of 2*b**3/3 - 3*b**2 - 32*b. Let l be t(2). Let c(k) = k**3 + 7 - k - 44*k**l + 0 + 80*k**2 - 42*k**2. Calculate c(6).
1
Let k(b) = -6*b**2 + 42*b - 7. Let r(m) = 17*m**2 - 117*m + 22. Let z(t) = 8*k(t) + 3*r(t). Give z(3).
-8
Let t(m) = -m - 2. Let f be 145/7 - (-7 + (-188)/(-28)). Let c = 44 - f. Let w = c - 28. What is t(w)?
3
Let z(l) = l**3 - 10*l**2 - 3*l + 25. Let r(a) = -3*a**3 + 6*a**2 - 15. Let w be r(-3). Suppose -70*x - w = -820. Give z(x).
-5
Let u(r) = 226*r**3 + 3*r**2 - 4*r + 2. Let h be u(1). Let d = h - 225. Let c(i) = 2*i**2 + 4. Give c(d).
12
Let j(y) = -2*y**3 - 1. Suppose 0 = 5*z + 2 - 7. Let k(t) = -11*t**3 + 6*t**2 - 8. Let b(v) = z*k(v) - 5*j(v). Let p = -2 - -8. Give b(p).
-3
Suppose -5*f + 25 = -0*f. Let y be 5 - 11 - -8 - 0/(-2). Let j(u) = y*u + 0*u - u + 1. What is j(f)?
6
Let s = -86 - -12. Let c = 77 + s. Let y(q) = -2*q**3 + 8*q**c - 16*q**3 + 1. Determine y(1).
-9
Let n(x) = 6*x - 45 + 0*x + 449*x**2 - 448*x**2 - 28. What is n(6)?
-1
Let h(j) = 4*j**3 - 7*j - 4. Let b be 28/(-21)*6/16*-26. Let o(q) = -8*q**3 + 15*q + 9. Let s(t) = b*h(t) + 6*o(t). Give s(1).
5
Let r(g) = 16*g**3 - 10*g**2 - 3*g + 12. Let a(c) = -13*c**3 + 9*c**2 + 3*c - 10. Let n(d) = -6*a(d) - 5*r(d). Give n(-2).
6
Let z(n) = -6 - n + 2*n - 3*n**2 + 2*n**2 - 1. Let w be z(0). Let j(m) be the third derivative of m**5/60 + 5*m**4/24 - m**3/2 + 3*m**2 - 231*m. Calculate j(w).
11
Let h(x) = -3*x + 0 - 2 + 2073*x**2 - 2074*x**2 + 3*x**3. Determine h(-3).
-83
Let a(m) = 2*m + 5. Let k(u) = u**2 - 2. Let i be k(-2). Let f(z) = z + 4. Let v(b) = i*a(b) - 3*f(b). Give v(-4).
-6
Let s = -52 - -51. Let z be s/(4/(-12)) - -31. Let c = z + -37. Let h(n) = -n + 4. Give h(c).
7
Let h(q) = -16*q**3 + 5*q**2 + 20*q + 4. Let u(l) = -25*l**3 + 7*l**2 + 32*l + 6. Let j(k) = -14*h(k) + 9*u(k). Give j(-8).
-2
Let c be 1*-2*1 + 104 + -106. Let n = -17 - c. Let l(w) = 2*w + 3. Give l(n).
-23
Let k(j) = j + 3. Let c(t) = -134 - 24 - 81 + 47 + 14*t. Let o be c(14). Determine k(o).
7
Let l(x) = -9*x + 4 + 4 + 0 + 10*x**2 - 1 + 72319*x**3 - 72320*x**3. Determine l(8).
63
Let a(f) = -30*f + 24. Suppose -49 = p + 6*p - 56. Give a(p).
-6
Let k(s) be the third derivative of s**4/24 + 7*s**3/6 + 13*s**2. Let c be k(-6). Let v(t) = -2 + c - 3*t**2 + t**3 + 9*t**2 + 5*t. Give v(-5).
-1
Let n(d) = d**3 + d**2 - 2*d + 8. Let w be n(0). Let r(u) = -195*u - 15. Let q(i) = -32*i - 3. Let l(p) = 6*q(p) - r(p). What is l(w)?
21
Let s = -5122 + 5127. Let c(y) = y**3 - 2*y**2 - 14*y - 6. What is c(s)?
-1
Suppose -2*a - 3 = -11. Let h(q) = -a + 6*q**2 - 2*q + 4*q**2 + 0*q**2 - 2*q**2 - 6*q**2. What is